{"id":698,"date":"2022-01-13T18:18:02","date_gmt":"2022-01-13T18:18:02","guid":{"rendered":"https:\/\/www.lazioinnova.it\/innovaventure\/?page_id=698"},"modified":"2023-02-24T14:53:26","modified_gmt":"2023-02-24T14:53:26","slug":"united-ventures-ii-lazio-uv2l","status":"publish","type":"page","link":"https:\/\/www.lazioinnova.it\/innovaventure\/united-ventures-ii-lazio-uv2l\/","title":{"rendered":"UNITED VENTURES II LAZIO (UV2L)"},"content":{"rendered":"\n<figure class=\"wp-block-image size-full is-resized\"><img loading=\"lazy\" decoding=\"async\" src=\"https:\/\/www.lazioinnova.it\/innovaventure\/app\/uploads\/2022\/01\/United-Ventures.jpg\" alt=\"\" class=\"wp-image-701\" width=\"356\" height=\"214\"\/><\/figure>\n\n\n\n<figure class=\"wp-block-table\"><table><tbody><tr><td><br><strong>Gestore<\/strong><\/td><td><br><strong>UNITED VENTURES SGR S.p.A.<\/strong> <strong>&nbsp;<\/strong><\/td><\/tr><tr><td><strong>Sito web<\/strong><\/td><td>\u00a0<a href=\"https:\/\/unitedventures.com\/uv2l\" target=\"_blank\" rel=\"noreferrer noopener\">unitedventures.com<\/a><\/td><\/tr><tr><td><strong>Importo investito<\/strong><\/td><td>\u20ac 12.000.000<\/td><\/tr><tr><td><strong>Anno investimento<\/strong><\/td><td>2019<\/td><\/tr><tr><td><strong>Tipo investimenti<\/strong><\/td><td>Scale-up<\/td><\/tr><tr><td><strong>Range investimenti<\/strong><\/td><td>\u20ac 1.000.000\/ 5.000.000<\/td><\/tr><\/tbody><\/table><\/figure>\n\n\n\n<p><strong>Settori di investimento<\/strong><br>Imprese in fase early stage, ovvero start up gi\u00e0 avviate che abbiano dimostrato la scalabilit\u00e0 sul mercato e che abbiano iniziato a produrre fatturato. Il focus di investimento \u00e8 su iniziative fortemente innovative nell\u2019ambito delle tecnologie digitali, che, grazie all\u2019uso della tecnologia stessa, siano potenzialmente in grado di rivoluzionare interi settori industriali. I settori di maggiore interesse sono: automation, foodtech \/ agritech, finteci\/insurtech, education &amp; training, data analytics, mobility &amp; transportation, health-tech, security, IoT and artificial intelligence.<\/p>\n\n\n\n<p><strong>Profilo gestore<\/strong><br>SGR indipendente costituita nel 2013, autorizzata da Banca d\u2019Italia, che investe in deep tech e digital technologies.<\/p>\n\n\n\n<p><strong>Imprese investite<\/strong><\/p>\n\n\n<div class=\"wp-block-image\">\n<figure class=\"aligncenter size-full is-resized\"><img loading=\"lazy\" decoding=\"async\" src=\"https:\/\/www.lazioinnova.it\/innovaventure\/app\/uploads\/2022\/01\/exein_lungo.png\" alt=\"\" class=\"wp-image-740\" width=\"283\" height=\"131\"\/><\/figure><\/div>","protected":false},"excerpt":{"rendered":"<p>Gestore UNITED VENTURES SGR S.p.A. &nbsp; Sito web \u00a0unitedventures.com Importo investito \u20ac 12.000.000 Anno investimento 2019 Tipo investimenti Scale-up Range investimenti \u20ac 1.000.000\/ 5.000.000 Settori di investimentoImprese in fase early stage, ovvero start up gi\u00e0 avviate che abbiano dimostrato la scalabilit\u00e0 sul mercato e che abbiano iniziato a produrre fatturato. Il focus di investimento \u00e8 [&hellip;]<\/p>\n","protected":false},"author":2,"featured_media":0,"parent":0,"menu_order":0,"comment_status":"closed","ping_status":"closed","template":"","meta":{"_acf_changed":false,"ghostkit_customizer_options":"","ghostkit_custom_css":"","ghostkit_custom_js_head":"","ghostkit_custom_js_foot":"","ghostkit_typography":"","footnotes":""},"class_list":["post-698","page","type-page","status-publish","hentry"],"acf":[],"yoast_head":"<!-- This site is optimized with the Yoast SEO plugin v25.3.1 - https:\/\/yoast.com\/wordpress\/plugins\/seo\/ -->\n<title>UNITED VENTURES II LAZIO (UV2L) - Innova Venture - LazioInnova<\/title>\n<meta name=\"robots\" content=\"index, follow, max-snippet:-1, max-image-preview:large, max-video-preview:-1\" \/>\n<link rel=\"canonical\" href=\"https:\/\/www.lazioinnova.it\/innovaventure\/united-ventures-ii-lazio-uv2l\/\" \/>\n<meta property=\"og:locale\" content=\"it_IT\" \/>\n<meta property=\"og:type\" content=\"article\" \/>\n<meta property=\"og:title\" content=\"UNITED VENTURES II LAZIO (UV2L) - Innova Venture - LazioInnova\" \/>\n<meta property=\"og:description\" content=\"Gestore UNITED VENTURES SGR S.p.A. &nbsp; Sito web \u00a0unitedventures.com Importo investito \u20ac 12.000.000 Anno investimento 2019 Tipo investimenti Scale-up Range investimenti \u20ac 1.000.000\/ 5.000.000 Settori di investimentoImprese in fase early stage, ovvero start up gi\u00e0 avviate che abbiano dimostrato la scalabilit\u00e0 sul mercato e che abbiano iniziato a produrre fatturato. Il focus di investimento \u00e8 [&hellip;]\" \/>\n<meta property=\"og:url\" content=\"https:\/\/www.lazioinnova.it\/innovaventure\/united-ventures-ii-lazio-uv2l\/\" \/>\n<meta property=\"og:site_name\" content=\"Innova Venture - LazioInnova\" \/>\n<meta property=\"article:modified_time\" content=\"2023-02-24T14:53:26+00:00\" \/>\n<meta property=\"og:image\" content=\"https:\/\/www.lazioinnova.it\/innovaventure\/app\/uploads\/2022\/01\/United-Ventures.jpg\" \/>\n<meta name=\"twitter:card\" content=\"summary_large_image\" \/>\n<meta name=\"twitter:label1\" content=\"Tempo di lettura stimato\" \/>\n\t<meta name=\"twitter:data1\" content=\"2 minuti\" \/>\n<script type=\"application\/ld+json\" class=\"yoast-schema-graph\">{\"@context\":\"https:\/\/schema.org\",\"@graph\":[{\"@type\":\"WebPage\",\"@id\":\"https:\/\/www.lazioinnova.it\/innovaventure\/united-ventures-ii-lazio-uv2l\/\",\"url\":\"https:\/\/www.lazioinnova.it\/innovaventure\/united-ventures-ii-lazio-uv2l\/\",\"name\":\"UNITED VENTURES II LAZIO (UV2L) - Innova Venture - LazioInnova\",\"isPartOf\":{\"@id\":\"https:\/\/www.lazioinnova.it\/innovaventure\/#website\"},\"primaryImageOfPage\":{\"@id\":\"https:\/\/www.lazioinnova.it\/innovaventure\/united-ventures-ii-lazio-uv2l\/#primaryimage\"},\"image\":{\"@id\":\"https:\/\/www.lazioinnova.it\/innovaventure\/united-ventures-ii-lazio-uv2l\/#primaryimage\"},\"thumbnailUrl\":\"https:\/\/www.lazioinnova.it\/innovaventure\/app\/uploads\/2022\/01\/United-Ventures.jpg\",\"datePublished\":\"2022-01-13T18:18:02+00:00\",\"dateModified\":\"2023-02-24T14:53:26+00:00\",\"breadcrumb\":{\"@id\":\"https:\/\/www.lazioinnova.it\/innovaventure\/united-ventures-ii-lazio-uv2l\/#breadcrumb\"},\"inLanguage\":\"it-IT\",\"potentialAction\":[{\"@type\":\"ReadAction\",\"target\":[\"https:\/\/www.lazioinnova.it\/innovaventure\/united-ventures-ii-lazio-uv2l\/\"]}]},{\"@type\":\"ImageObject\",\"inLanguage\":\"it-IT\",\"@id\":\"https:\/\/www.lazioinnova.it\/innovaventure\/united-ventures-ii-lazio-uv2l\/#primaryimage\",\"url\":\"https:\/\/www.lazioinnova.it\/innovaventure\/app\/uploads\/2022\/01\/United-Ventures.jpg\",\"contentUrl\":\"https:\/\/www.lazioinnova.it\/innovaventure\/app\/uploads\/2022\/01\/United-Ventures.jpg\",\"width\":200,\"height\":120},{\"@type\":\"BreadcrumbList\",\"@id\":\"https:\/\/www.lazioinnova.it\/innovaventure\/united-ventures-ii-lazio-uv2l\/#breadcrumb\",\"itemListElement\":[{\"@type\":\"ListItem\",\"position\":1,\"name\":\"Home\",\"item\":\"https:\/\/www.lazioinnova.it\/innovaventure\/\"},{\"@type\":\"ListItem\",\"position\":2,\"name\":\"UNITED VENTURES II LAZIO (UV2L)\"}]},{\"@type\":\"WebSite\",\"@id\":\"https:\/\/www.lazioinnova.it\/innovaventure\/#website\",\"url\":\"https:\/\/www.lazioinnova.it\/innovaventure\/\",\"name\":\"Innova Venture - LazioInnova\",\"description\":\"Lazio Innova\",\"potentialAction\":[{\"@type\":\"SearchAction\",\"target\":{\"@type\":\"EntryPoint\",\"urlTemplate\":\"https:\/\/www.lazioinnova.it\/innovaventure\/?s={search_term_string}\"},\"query-input\":{\"@type\":\"PropertyValueSpecification\",\"valueRequired\":true,\"valueName\":\"search_term_string\"}}],\"inLanguage\":\"it-IT\"}]}<\/script>\n<!-- \/ Yoast SEO plugin. -->","yoast_head_json":{"title":"UNITED VENTURES II LAZIO (UV2L) - Innova Venture - LazioInnova","robots":{"index":"index","follow":"follow","max-snippet":"max-snippet:-1","max-image-preview":"max-image-preview:large","max-video-preview":"max-video-preview:-1"},"canonical":"https:\/\/www.lazioinnova.it\/innovaventure\/united-ventures-ii-lazio-uv2l\/","og_locale":"it_IT","og_type":"article","og_title":"UNITED VENTURES II LAZIO (UV2L) - Innova Venture - LazioInnova","og_description":"Gestore UNITED VENTURES SGR S.p.A. &nbsp; Sito web \u00a0unitedventures.com Importo investito \u20ac 12.000.000 Anno investimento 2019 Tipo investimenti Scale-up Range investimenti \u20ac 1.000.000\/ 5.000.000 Settori di investimentoImprese in fase early stage, ovvero start up gi\u00e0 avviate che abbiano dimostrato la scalabilit\u00e0 sul mercato e che abbiano iniziato a produrre fatturato. Il focus di investimento \u00e8 [&hellip;]","og_url":"https:\/\/www.lazioinnova.it\/innovaventure\/united-ventures-ii-lazio-uv2l\/","og_site_name":"Innova Venture - LazioInnova","article_modified_time":"2023-02-24T14:53:26+00:00","og_image":[{"url":"https:\/\/www.lazioinnova.it\/innovaventure\/app\/uploads\/2022\/01\/United-Ventures.jpg","type":"","width":"","height":""}],"twitter_card":"summary_large_image","twitter_misc":{"Tempo di lettura stimato":"2 minuti"},"schema":{"@context":"https:\/\/schema.org","@graph":[{"@type":"WebPage","@id":"https:\/\/www.lazioinnova.it\/innovaventure\/united-ventures-ii-lazio-uv2l\/","url":"https:\/\/www.lazioinnova.it\/innovaventure\/united-ventures-ii-lazio-uv2l\/","name":"UNITED VENTURES II LAZIO (UV2L) - Innova Venture - LazioInnova","isPartOf":{"@id":"https:\/\/www.lazioinnova.it\/innovaventure\/#website"},"primaryImageOfPage":{"@id":"https:\/\/www.lazioinnova.it\/innovaventure\/united-ventures-ii-lazio-uv2l\/#primaryimage"},"image":{"@id":"https:\/\/www.lazioinnova.it\/innovaventure\/united-ventures-ii-lazio-uv2l\/#primaryimage"},"thumbnailUrl":"https:\/\/www.lazioinnova.it\/innovaventure\/app\/uploads\/2022\/01\/United-Ventures.jpg","datePublished":"2022-01-13T18:18:02+00:00","dateModified":"2023-02-24T14:53:26+00:00","breadcrumb":{"@id":"https:\/\/www.lazioinnova.it\/innovaventure\/united-ventures-ii-lazio-uv2l\/#breadcrumb"},"inLanguage":"it-IT","potentialAction":[{"@type":"ReadAction","target":["https:\/\/www.lazioinnova.it\/innovaventure\/united-ventures-ii-lazio-uv2l\/"]}]},{"@type":"ImageObject","inLanguage":"it-IT","@id":"https:\/\/www.lazioinnova.it\/innovaventure\/united-ventures-ii-lazio-uv2l\/#primaryimage","url":"https:\/\/www.lazioinnova.it\/innovaventure\/app\/uploads\/2022\/01\/United-Ventures.jpg","contentUrl":"https:\/\/www.lazioinnova.it\/innovaventure\/app\/uploads\/2022\/01\/United-Ventures.jpg","width":200,"height":120},{"@type":"BreadcrumbList","@id":"https:\/\/www.lazioinnova.it\/innovaventure\/united-ventures-ii-lazio-uv2l\/#breadcrumb","itemListElement":[{"@type":"ListItem","position":1,"name":"Home","item":"https:\/\/www.lazioinnova.it\/innovaventure\/"},{"@type":"ListItem","position":2,"name":"UNITED VENTURES II LAZIO (UV2L)"}]},{"@type":"WebSite","@id":"https:\/\/www.lazioinnova.it\/innovaventure\/#website","url":"https:\/\/www.lazioinnova.it\/innovaventure\/","name":"Innova Venture - LazioInnova","description":"Lazio Innova","potentialAction":[{"@type":"SearchAction","target":{"@type":"EntryPoint","urlTemplate":"https:\/\/www.lazioinnova.it\/innovaventure\/?s={search_term_string}"},"query-input":{"@type":"PropertyValueSpecification","valueRequired":true,"valueName":"search_term_string"}}],"inLanguage":"it-IT"}]}},"featured_image_src":null,"featured_image_src_square":null,"_links":{"self":[{"href":"https:\/\/www.lazioinnova.it\/innovaventure\/wp-json\/wp\/v2\/pages\/698","targetHints":{"allow":["GET"]}}],"collection":[{"href":"https:\/\/www.lazioinnova.it\/innovaventure\/wp-json\/wp\/v2\/pages"}],"about":[{"href":"https:\/\/www.lazioinnova.it\/innovaventure\/wp-json\/wp\/v2\/types\/page"}],"author":[{"embeddable":true,"href":"https:\/\/www.lazioinnova.it\/innovaventure\/wp-json\/wp\/v2\/users\/2"}],"replies":[{"embeddable":true,"href":"https:\/\/www.lazioinnova.it\/innovaventure\/wp-json\/wp\/v2\/comments?post=698"}],"version-history":[{"count":5,"href":"https:\/\/www.lazioinnova.it\/innovaventure\/wp-json\/wp\/v2\/pages\/698\/revisions"}],"predecessor-version":[{"id":1342,"href":"https:\/\/www.lazioinnova.it\/innovaventure\/wp-json\/wp\/v2\/pages\/698\/revisions\/1342"}],"wp:attachment":[{"href":"https:\/\/www.lazioinnova.it\/innovaventure\/wp-json\/wp\/v2\/media?parent=698"}],"curies":[{"name":"wp","href":"https:\/\/api.w.org\/{rel}","templated":true}]}}