{"id":28218,"date":"2021-12-06T09:53:25","date_gmt":"2021-12-06T09:53:25","guid":{"rendered":"https:\/\/www.lazioinnova.it\/spazioattivo\/?page_id=28218"},"modified":"2021-12-07T13:37:38","modified_gmt":"2021-12-07T13:37:38","slug":"tech-transfer","status":"publish","type":"page","link":"https:\/\/www.lazioinnova.it\/spazioattivo\/tech-transfer\/","title":{"rendered":"Tech Transfer"},"content":{"rendered":"\n<p>L&#8217;<strong>innovazione <\/strong>oggi \u00e8 la chiave dello sviluppo di impresa e della crescita sui mercati nazionali e internazionali.<\/p>\n\n\n\n<p>Lo <strong>sviluppo di innovazione all&#8217;interno di un&#8217;impresa<\/strong> \u00e8 per\u00f2 un processo complesso e costoso che richiede risorse umane, materiali e fondi in misura ingente ed \u00e8 quindi molto spesso fuori della portata delle piccole e medie imprese che costituiscono il principale tessuto produttivo del Lazio.<\/p>\n\n\n\n<p>D&#8217;altro canto, il volume delle <strong>nuove scoperte scientifiche e tecnologiche generato da univerit\u00e0, istituti di ricerca e altri enti pubblici e privati<\/strong> \u00e8 notevole e il Lazio \u00e8 la regione pi\u00f9 ricca per capitale umano impegnato in attivit\u00e0 di ricerca, per presenza di Universit\u00e0 ed Enti di ricerca pubblici e privati e investe in ricerca una quota di risorse pubbliche ben superiore alla media nazionale.<\/p>\n\n\n\n<p>Per questo, la Regione Lazio attraverso la rete Spazio Attivo, intende costruire un <strong>ponte stabile tra mondo della ricerca e della produzione<\/strong>, attraverso processi di analisi del fabbisogno delle imprese e di divulgazione, promozione e disseminazione delle idee e dei risultati dei lavori accademici, per trasformare la ricerca pura in concrete innovazioni di prodotto e di processo, in grado di generare sviluppo economico e migliorare la vita di tutti.<\/p>\n","protected":false},"excerpt":{"rendered":"<p>L&#8217;innovazione oggi \u00e8 la chiave dello sviluppo di impresa e della crescita sui mercati nazionali e internazionali. Lo sviluppo di innovazione all&#8217;interno di un&#8217;impresa \u00e8 per\u00f2 un processo complesso e costoso che richiede risorse umane, materiali e fondi in misura ingente ed \u00e8 quindi molto spesso fuori della portata delle piccole e medie imprese che [&hellip;]<\/p>\n","protected":false},"author":2,"featured_media":0,"parent":0,"menu_order":0,"comment_status":"closed","ping_status":"closed","template":"","meta":{"_acf_changed":false,"ghostkit_customizer_options":"","ghostkit_custom_css":"","ghostkit_custom_js_head":"","ghostkit_custom_js_foot":"","ghostkit_typography":"","footnotes":""},"class_list":["post-28218","page","type-page","status-publish","hentry"],"acf":[],"yoast_head":"<!-- This site is optimized with the Yoast SEO plugin v24.2 - https:\/\/yoast.com\/wordpress\/plugins\/seo\/ -->\n<title>Tech Transfer - Spazio Attivo - LazioInnova<\/title>\n<meta name=\"robots\" content=\"index, follow, max-snippet:-1, max-image-preview:large, max-video-preview:-1\" \/>\n<link rel=\"canonical\" href=\"https:\/\/www.lazioinnova.it\/spazioattivo\/tech-transfer\/\" \/>\n<meta property=\"og:locale\" content=\"it_IT\" \/>\n<meta property=\"og:type\" content=\"article\" \/>\n<meta property=\"og:title\" content=\"Tech Transfer - Spazio Attivo - LazioInnova\" \/>\n<meta property=\"og:description\" content=\"L&#8217;innovazione oggi \u00e8 la chiave dello sviluppo di impresa e della crescita sui mercati nazionali e internazionali. Lo sviluppo di innovazione all&#8217;interno di un&#8217;impresa \u00e8 per\u00f2 un processo complesso e costoso che richiede risorse umane, materiali e fondi in misura ingente ed \u00e8 quindi molto spesso fuori della portata delle piccole e medie imprese che [&hellip;]\" \/>\n<meta property=\"og:url\" content=\"https:\/\/www.lazioinnova.it\/spazioattivo\/tech-transfer\/\" \/>\n<meta property=\"og:site_name\" content=\"Spazio Attivo - LazioInnova\" \/>\n<meta property=\"article:modified_time\" content=\"2021-12-07T13:37:38+00:00\" \/>\n<meta name=\"twitter:card\" content=\"summary_large_image\" \/>\n<meta name=\"twitter:label1\" content=\"Est. reading time\" \/>\n\t<meta name=\"twitter:data1\" content=\"1 minuto\" \/>\n<script type=\"application\/ld+json\" class=\"yoast-schema-graph\">{\"@context\":\"https:\/\/schema.org\",\"@graph\":[{\"@type\":\"WebPage\",\"@id\":\"https:\/\/www.lazioinnova.it\/spazioattivo\/tech-transfer\/\",\"url\":\"https:\/\/www.lazioinnova.it\/spazioattivo\/tech-transfer\/\",\"name\":\"Tech Transfer - Spazio Attivo - LazioInnova\",\"isPartOf\":{\"@id\":\"https:\/\/www.lazioinnova.it\/spazioattivo\/#website\"},\"datePublished\":\"2021-12-06T09:53:25+00:00\",\"dateModified\":\"2021-12-07T13:37:38+00:00\",\"breadcrumb\":{\"@id\":\"https:\/\/www.lazioinnova.it\/spazioattivo\/tech-transfer\/#breadcrumb\"},\"inLanguage\":\"it-IT\",\"potentialAction\":[{\"@type\":\"ReadAction\",\"target\":[\"https:\/\/www.lazioinnova.it\/spazioattivo\/tech-transfer\/\"]}]},{\"@type\":\"BreadcrumbList\",\"@id\":\"https:\/\/www.lazioinnova.it\/spazioattivo\/tech-transfer\/#breadcrumb\",\"itemListElement\":[{\"@type\":\"ListItem\",\"position\":1,\"name\":\"Spazio Attivo\",\"item\":\"https:\/\/www.lazioinnova.it\/spazioattivo\/\"},{\"@type\":\"ListItem\",\"position\":2,\"name\":\"Tech Transfer\"}]},{\"@type\":\"WebSite\",\"@id\":\"https:\/\/www.lazioinnova.it\/spazioattivo\/#website\",\"url\":\"https:\/\/www.lazioinnova.it\/spazioattivo\/\",\"name\":\"Spazio Attivo - LazioInnova\",\"description\":\"Lazio innova\",\"potentialAction\":[{\"@type\":\"SearchAction\",\"target\":{\"@type\":\"EntryPoint\",\"urlTemplate\":\"https:\/\/www.lazioinnova.it\/spazioattivo\/?s={search_term_string}\"},\"query-input\":{\"@type\":\"PropertyValueSpecification\",\"valueRequired\":true,\"valueName\":\"search_term_string\"}}],\"inLanguage\":\"it-IT\"}]}<\/script>\n<!-- \/ Yoast SEO plugin. -->","yoast_head_json":{"title":"Tech Transfer - Spazio Attivo - LazioInnova","robots":{"index":"index","follow":"follow","max-snippet":"max-snippet:-1","max-image-preview":"max-image-preview:large","max-video-preview":"max-video-preview:-1"},"canonical":"https:\/\/www.lazioinnova.it\/spazioattivo\/tech-transfer\/","og_locale":"it_IT","og_type":"article","og_title":"Tech Transfer - Spazio Attivo - LazioInnova","og_description":"L&#8217;innovazione oggi \u00e8 la chiave dello sviluppo di impresa e della crescita sui mercati nazionali e internazionali. Lo sviluppo di innovazione all&#8217;interno di un&#8217;impresa \u00e8 per\u00f2 un processo complesso e costoso che richiede risorse umane, materiali e fondi in misura ingente ed \u00e8 quindi molto spesso fuori della portata delle piccole e medie imprese che [&hellip;]","og_url":"https:\/\/www.lazioinnova.it\/spazioattivo\/tech-transfer\/","og_site_name":"Spazio Attivo - LazioInnova","article_modified_time":"2021-12-07T13:37:38+00:00","twitter_card":"summary_large_image","twitter_misc":{"Est. reading time":"1 minuto"},"schema":{"@context":"https:\/\/schema.org","@graph":[{"@type":"WebPage","@id":"https:\/\/www.lazioinnova.it\/spazioattivo\/tech-transfer\/","url":"https:\/\/www.lazioinnova.it\/spazioattivo\/tech-transfer\/","name":"Tech Transfer - Spazio Attivo - LazioInnova","isPartOf":{"@id":"https:\/\/www.lazioinnova.it\/spazioattivo\/#website"},"datePublished":"2021-12-06T09:53:25+00:00","dateModified":"2021-12-07T13:37:38+00:00","breadcrumb":{"@id":"https:\/\/www.lazioinnova.it\/spazioattivo\/tech-transfer\/#breadcrumb"},"inLanguage":"it-IT","potentialAction":[{"@type":"ReadAction","target":["https:\/\/www.lazioinnova.it\/spazioattivo\/tech-transfer\/"]}]},{"@type":"BreadcrumbList","@id":"https:\/\/www.lazioinnova.it\/spazioattivo\/tech-transfer\/#breadcrumb","itemListElement":[{"@type":"ListItem","position":1,"name":"Spazio Attivo","item":"https:\/\/www.lazioinnova.it\/spazioattivo\/"},{"@type":"ListItem","position":2,"name":"Tech Transfer"}]},{"@type":"WebSite","@id":"https:\/\/www.lazioinnova.it\/spazioattivo\/#website","url":"https:\/\/www.lazioinnova.it\/spazioattivo\/","name":"Spazio Attivo - LazioInnova","description":"Lazio innova","potentialAction":[{"@type":"SearchAction","target":{"@type":"EntryPoint","urlTemplate":"https:\/\/www.lazioinnova.it\/spazioattivo\/?s={search_term_string}"},"query-input":{"@type":"PropertyValueSpecification","valueRequired":true,"valueName":"search_term_string"}}],"inLanguage":"it-IT"}]}},"featured_image_src":null,"featured_image_src_square":null,"_links":{"self":[{"href":"https:\/\/www.lazioinnova.it\/spazioattivo\/wp-json\/wp\/v2\/pages\/28218","targetHints":{"allow":["GET"]}}],"collection":[{"href":"https:\/\/www.lazioinnova.it\/spazioattivo\/wp-json\/wp\/v2\/pages"}],"about":[{"href":"https:\/\/www.lazioinnova.it\/spazioattivo\/wp-json\/wp\/v2\/types\/page"}],"author":[{"embeddable":true,"href":"https:\/\/www.lazioinnova.it\/spazioattivo\/wp-json\/wp\/v2\/users\/2"}],"replies":[{"embeddable":true,"href":"https:\/\/www.lazioinnova.it\/spazioattivo\/wp-json\/wp\/v2\/comments?post=28218"}],"version-history":[{"count":3,"href":"https:\/\/www.lazioinnova.it\/spazioattivo\/wp-json\/wp\/v2\/pages\/28218\/revisions"}],"predecessor-version":[{"id":28306,"href":"https:\/\/www.lazioinnova.it\/spazioattivo\/wp-json\/wp\/v2\/pages\/28218\/revisions\/28306"}],"wp:attachment":[{"href":"https:\/\/www.lazioinnova.it\/spazioattivo\/wp-json\/wp\/v2\/media?parent=28218"}],"curies":[{"name":"wp","href":"https:\/\/api.w.org\/{rel}","templated":true}]}}