{"id":31019,"date":"2024-06-06T10:56:47","date_gmt":"2024-06-06T10:56:47","guid":{"rendered":"https:\/\/www.lazioinnova.it\/spazioattivo\/?page_id=31019"},"modified":"2024-10-07T11:15:23","modified_gmt":"2024-10-07T11:15:23","slug":"startupper-tra-i-banchi-di-scuola-2023-2024brpresenta-la-tua-idea","status":"publish","type":"page","link":"https:\/\/www.lazioinnova.it\/spazioattivo\/startupper-school-academy-2023-24\/startupper-tra-i-banchi-di-scuola-2023-2024brpresenta-la-tua-idea\/","title":{"rendered":"Startupper tra i banchi di scuola 2023-2024 &#8211; Presenta la tua idea"},"content":{"rendered":"\n<p class=\"has-text-color has-link-color wp-elements-2306d27a0e58a7040d8baf0444f31053\" style=\"color:#007c3d;font-size:26px\"><strong>Progetto Vincitore:<\/strong><\/p>\n\n\n\n<p>ISTITUTO SCOLASTICO: IIS VIA ROMA 298 &#8211; Roma<\/p>\n\n\n\n<figure class=\"wp-block-image size-full is-resized\"><a href=\"https:\/\/www.lazioinnova.it\/spazioattivo\/app\/uploads\/2024\/06\/Flashes1.png\"><img loading=\"lazy\" decoding=\"async\" width=\"668\" height=\"274\" src=\"https:\/\/www.lazioinnova.it\/spazioattivo\/app\/uploads\/2024\/06\/Flashes1.png\" alt=\"\" class=\"wp-image-31022\" style=\"width:500px;height:auto\" srcset=\"https:\/\/www.lazioinnova.it\/spazioattivo\/app\/uploads\/2024\/06\/Flashes1.png 668w, https:\/\/www.lazioinnova.it\/spazioattivo\/app\/uploads\/2024\/06\/Flashes1-300x123.png 300w\" sizes=\"auto, (max-width: 668px) 100vw, 668px\" \/><\/a><\/figure>\n\n\n\n<div class=\"ghostkit-accordion ghostkit-accordion-1\">\n<div class=\"ghostkit-accordion-item ghostkit-custom-Z1Q3WcK\" data-accordion=\"accordion-flashes\"><div class=\"ghostkit-accordion-item-heading\"><button type=\"button\" id=\"accordion-flashes-button\" aria-expanded=\"false\" aria-controls=\"accordion-flashes-content\"><span class=\"ghostkit-accordion-item-label\">FLASHES<\/span><span class=\"ghostkit-accordion-item-collapse\"><svg class=\"ghostkit-svg-icon\" width=\"24\" height=\"24\" viewBox=\"0 0 24 24\" fill=\"none\" xmlns=\"http:\/\/www.w3.org\/2000\/svg\"><path d=\"M9.21967 6.2197C9.51256 5.9268 9.98744 5.9268 10.2803 6.2197L15.5303 11.4697C15.8232 11.7626 15.8232 12.2374 15.5303 12.5303L10.2803 17.7803C9.98744 18.0732 9.51256 18.0732 9.21967 17.7803C8.92678 17.4874 8.92678 17.0126 9.21967 16.7197L13.9393 12L9.21967 7.2803C8.92678 6.9874 8.92678 6.5126 9.21967 6.2197Z\" fill=\"currentColor\"><\/path><\/svg><\/span><\/button><\/div><div id=\"accordion-flashes-content\" class=\"ghostkit-accordion-item-content is-layout-flow wp-block-accordion-item-is-layout-flow\" role=\"region\" aria-labelledby=\"accordion-flashes-button\">\n<p>L\u2019idea chiave della proposta \u00e8 la meridiana rotta. <br>Una meridiana rotta solidifica l\u2019ombra prodotta dall\u2019interazione della luce solare con un cubo. Due volte all\u2019anno non getta ombra e indica correttamente giorno ed ora in un certo punto della Terra, segnando nella memoria la traccia di un evento. <br>Flashes rivisita la meridiana rotta come porta-urna in legno che contiene le ceneri di una persona cara scomparsa e, allo stesso tempo, ne onora la memoria ricordando un evento significativo della sua vita.<\/p>\n<\/div><\/div>\n<\/div>\n\n\n<div class=\"wp-block-image\">\n<figure class=\"alignleft size-full is-resized\"><a href=\"https:\/\/www.lazioinnova.it\/spazioattivo\/app\/uploads\/2024\/06\/Flashes2.png\"><img loading=\"lazy\" decoding=\"async\" width=\"388\" height=\"262\" src=\"https:\/\/www.lazioinnova.it\/spazioattivo\/app\/uploads\/2024\/06\/Flashes2.png\" alt=\"\" class=\"wp-image-31023\" style=\"width:356px;height:auto\" srcset=\"https:\/\/www.lazioinnova.it\/spazioattivo\/app\/uploads\/2024\/06\/Flashes2.png 388w, https:\/\/www.lazioinnova.it\/spazioattivo\/app\/uploads\/2024\/06\/Flashes2-300x203.png 300w\" sizes=\"auto, (max-width: 388px) 100vw, 388px\" \/><\/a><\/figure><\/div>\n\n<div class=\"wp-block-image\">\n<figure class=\"alignright size-full is-resized\"><a href=\"https:\/\/www.lazioinnova.it\/spazioattivo\/app\/uploads\/2024\/06\/Flashes3.png\"><img loading=\"lazy\" decoding=\"async\" width=\"445\" height=\"205\" src=\"https:\/\/www.lazioinnova.it\/spazioattivo\/app\/uploads\/2024\/06\/Flashes3.png\" alt=\"\" class=\"wp-image-31024\" style=\"width:400px;height:auto\" srcset=\"https:\/\/www.lazioinnova.it\/spazioattivo\/app\/uploads\/2024\/06\/Flashes3.png 445w, https:\/\/www.lazioinnova.it\/spazioattivo\/app\/uploads\/2024\/06\/Flashes3-300x138.png 300w\" sizes=\"auto, (max-width: 445px) 100vw, 445px\" \/><\/a><\/figure><\/div>\n\n\n<p class=\"has-text-color has-link-color wp-elements-617c66379505d8576f587daef7cfeb19\" style=\"color:#007c3d;font-size:26px\"><br><br><br><\/p>\n\n\n\n<p><br><br><\/p>\n\n\n\n<p class=\"has-text-color has-link-color wp-elements-be9b4b04cf2bf8542a90f20faaafcb58\" style=\"color:#007c3d;font-size:26px\"><br><br><br><br><br><strong>II Classificato<\/strong>:<\/p>\n\n\n\n<p>ISTITUTO SCOLASTICO: LICEO CLASSICO MARIANO BURATTI &#8211; Viterbo<\/p>\n\n\n\n<figure class=\"wp-block-image size-full\"><a href=\"https:\/\/www.lazioinnova.it\/spazioattivo\/app\/uploads\/2024\/06\/New-Culture1.png\"><img loading=\"lazy\" decoding=\"async\" width=\"194\" height=\"199\" src=\"https:\/\/www.lazioinnova.it\/spazioattivo\/app\/uploads\/2024\/06\/New-Culture1.png\" alt=\"\" class=\"wp-image-31044\"\/><\/a><\/figure>\n\n\n\n<div class=\"ghostkit-accordion ghostkit-accordion-1\">\n<div class=\"ghostkit-accordion-item ghostkit-custom-ZwYGuy\" data-accordion=\"accordion-new-culture-save-the-water-save-the-products\"><div class=\"ghostkit-accordion-item-heading\"><button type=\"button\" id=\"accordion-new-culture-save-the-water-save-the-products-button\" aria-expanded=\"false\" aria-controls=\"accordion-new-culture-save-the-water-save-the-products-content\"><span class=\"ghostkit-accordion-item-label\">NEW CULTURE. SAVE THE WATER, SAVE THE PRODUCTS!<\/span><span class=\"ghostkit-accordion-item-collapse\"><svg class=\"ghostkit-svg-icon\" width=\"24\" height=\"24\" viewBox=\"0 0 24 24\" fill=\"none\" xmlns=\"http:\/\/www.w3.org\/2000\/svg\"><path d=\"M9.21967 6.2197C9.51256 5.9268 9.98744 5.9268 10.2803 6.2197L15.5303 11.4697C15.8232 11.7626 15.8232 12.2374 15.5303 12.5303L10.2803 17.7803C9.98744 18.0732 9.51256 18.0732 9.21967 17.7803C8.92678 17.4874 8.92678 17.0126 9.21967 16.7197L13.9393 12L9.21967 7.2803C8.92678 6.9874 8.92678 6.5126 9.21967 6.2197Z\" fill=\"currentColor\"><\/path><\/svg><\/span><\/button><\/div><div id=\"accordion-new-culture-save-the-water-save-the-products-content\" class=\"ghostkit-accordion-item-content is-layout-flow wp-block-accordion-item-is-layout-flow\" role=\"region\" aria-labelledby=\"accordion-new-culture-save-the-water-save-the-products-button\">\n<p>Realizzazione di sensori GPS, gestiti da un&#8217;app per eliminare gli sprechi d&#8217;acqua nell&#8217;irrigazione, evitare la distruzione di profotti agricoli e facilitare la gestione del lavoro a remoto.<br>Il sistema \u00e8 in grado di gestire in autonomia il flusso d&#8217;acqua, tenendo conto delle condizioni meteorologiche e segnale eventuali guasti o problemi.<br>Applicabile a sistemi di irrigazione gi\u00e0 esistenti, sia di superficie che sotteranei.<\/p>\n<\/div><\/div>\n<\/div>\n\n\n\n<figure class=\"wp-block-image size-large is-resized\"><a href=\"https:\/\/www.lazioinnova.it\/spazioattivo\/app\/uploads\/2024\/06\/New-Culture2.png\"><img loading=\"lazy\" decoding=\"async\" width=\"1024\" height=\"479\" src=\"https:\/\/www.lazioinnova.it\/spazioattivo\/app\/uploads\/2024\/06\/New-Culture2-1024x479.png\" alt=\"\" class=\"wp-image-31045\" style=\"width:727px;height:auto\" srcset=\"https:\/\/www.lazioinnova.it\/spazioattivo\/app\/uploads\/2024\/06\/New-Culture2-1024x479.png 1024w, https:\/\/www.lazioinnova.it\/spazioattivo\/app\/uploads\/2024\/06\/New-Culture2-300x140.png 300w, https:\/\/www.lazioinnova.it\/spazioattivo\/app\/uploads\/2024\/06\/New-Culture2-768x359.png 768w, https:\/\/www.lazioinnova.it\/spazioattivo\/app\/uploads\/2024\/06\/New-Culture2-1536x718.png 1536w, https:\/\/www.lazioinnova.it\/spazioattivo\/app\/uploads\/2024\/06\/New-Culture2.png 1545w\" sizes=\"auto, (max-width: 1024px) 100vw, 1024px\" \/><\/a><\/figure>\n\n\n\n<p class=\"has-text-color has-link-color wp-elements-9cd3ae87ff560942ad0208e6c6452c68\" style=\"color:#007c3d;font-size:26px\"><br><br><br><strong>III Classificato<\/strong>:<\/p>\n\n\n\n<p>ISTITUTO SCOLASTICO: LICEO SCIENTIFICO STATALE LOUIS PASTEUR -Roma<\/p>\n\n\n\n<figure class=\"wp-block-image size-full is-resized\"><a href=\"https:\/\/www.lazioinnova.it\/spazioattivo\/app\/uploads\/2024\/06\/Safepuff1.png\"><img loading=\"lazy\" decoding=\"async\" width=\"650\" height=\"355\" src=\"https:\/\/www.lazioinnova.it\/spazioattivo\/app\/uploads\/2024\/06\/Safepuff1.png\" alt=\"\" class=\"wp-image-31048\" style=\"width:508px;height:auto\" srcset=\"https:\/\/www.lazioinnova.it\/spazioattivo\/app\/uploads\/2024\/06\/Safepuff1.png 650w, https:\/\/www.lazioinnova.it\/spazioattivo\/app\/uploads\/2024\/06\/Safepuff1-300x164.png 300w\" sizes=\"auto, (max-width: 650px) 100vw, 650px\" \/><\/a><\/figure>\n\n\n\n<div class=\"ghostkit-accordion ghostkit-accordion-1\">\n<div class=\"ghostkit-accordion-item ghostkit-custom-Z7rcOD\" data-accordion=\"accordion-safepuff\"><div class=\"ghostkit-accordion-item-heading\"><button type=\"button\" id=\"accordion-safepuff-button\" aria-expanded=\"false\" aria-controls=\"accordion-safepuff-content\"><span class=\"ghostkit-accordion-item-label\">SAFEPUFF<\/span><span class=\"ghostkit-accordion-item-collapse\"><svg class=\"ghostkit-svg-icon\" width=\"24\" height=\"24\" viewBox=\"0 0 24 24\" fill=\"none\" xmlns=\"http:\/\/www.w3.org\/2000\/svg\"><path d=\"M9.21967 6.2197C9.51256 5.9268 9.98744 5.9268 10.2803 6.2197L15.5303 11.4697C15.8232 11.7626 15.8232 12.2374 15.5303 12.5303L10.2803 17.7803C9.98744 18.0732 9.51256 18.0732 9.21967 17.7803C8.92678 17.4874 8.92678 17.0126 9.21967 16.7197L13.9393 12L9.21967 7.2803C8.92678 6.9874 8.92678 6.5126 9.21967 6.2197Z\" fill=\"currentColor\"><\/path><\/svg><\/span><\/button><\/div><div id=\"accordion-safepuff-content\" class=\"ghostkit-accordion-item-content is-layout-flow wp-block-accordion-item-is-layout-flow\" role=\"region\" aria-labelledby=\"accordion-safepuff-button\">\n<p>\u00c8 una fascia di salvataggio che permette una migliore salvaguardia dei bambini in spiaggia e garantisce: <br>1. il controllo della posizione del bambino grazie a un gps incorporato<br>2. comodit\u00e0 in acqua e nessun fastido per le attivit\u00e0 motorie<br>3. maggior tempo disponibile per il soccorso abambini grazie al gonfiaggio della fascia che pu\u00f2 essere attivato automaticamente al contatto con l&#8217;acqua (per bambini sotto i cinque anni), tramite pulsante (per bambini sopra i cinque anni) o da remoto (tramite app).<\/p>\n\n\n\n<p>TEAM: Asia Conti, Viola lani, Manuela La Speme, Anita Manca<\/p>\n<\/div><\/div>\n<\/div>\n\n\n\n<figure class=\"wp-block-gallery has-nested-images columns-default is-cropped wp-block-gallery-1 is-layout-flex wp-block-gallery-is-layout-flex\">\n<figure class=\"wp-block-image size-large\"><a href=\"https:\/\/www.lazioinnova.it\/spazioattivo\/app\/uploads\/2024\/06\/Safepuff3.png\"><img loading=\"lazy\" decoding=\"async\" width=\"850\" height=\"476\" data-id=\"31049\" src=\"https:\/\/www.lazioinnova.it\/spazioattivo\/app\/uploads\/2024\/06\/Safepuff3.png\" alt=\"\" class=\"wp-image-31049\" srcset=\"https:\/\/www.lazioinnova.it\/spazioattivo\/app\/uploads\/2024\/06\/Safepuff3.png 850w, https:\/\/www.lazioinnova.it\/spazioattivo\/app\/uploads\/2024\/06\/Safepuff3-300x168.png 300w, https:\/\/www.lazioinnova.it\/spazioattivo\/app\/uploads\/2024\/06\/Safepuff3-768x430.png 768w\" sizes=\"auto, (max-width: 850px) 100vw, 850px\" \/><\/a><\/figure>\n\n\n\n<figure class=\"wp-block-image size-large\"><a href=\"https:\/\/www.lazioinnova.it\/spazioattivo\/app\/uploads\/2024\/06\/Safepuff2.png\"><img loading=\"lazy\" decoding=\"async\" width=\"848\" height=\"472\" data-id=\"31050\" src=\"https:\/\/www.lazioinnova.it\/spazioattivo\/app\/uploads\/2024\/06\/Safepuff2.png\" alt=\"\" class=\"wp-image-31050\" srcset=\"https:\/\/www.lazioinnova.it\/spazioattivo\/app\/uploads\/2024\/06\/Safepuff2.png 848w, https:\/\/www.lazioinnova.it\/spazioattivo\/app\/uploads\/2024\/06\/Safepuff2-300x167.png 300w, https:\/\/www.lazioinnova.it\/spazioattivo\/app\/uploads\/2024\/06\/Safepuff2-768x427.png 768w\" sizes=\"auto, (max-width: 848px) 100vw, 848px\" \/><\/a><\/figure>\n<\/figure>\n","protected":false},"excerpt":{"rendered":"<p>Progetto Vincitore: ISTITUTO SCOLASTICO: IIS VIA ROMA 298 &#8211; Roma II Classificato: ISTITUTO SCOLASTICO: LICEO CLASSICO MARIANO BURATTI &#8211; Viterbo III Classificato: ISTITUTO SCOLASTICO: LICEO SCIENTIFICO STATALE LOUIS PASTEUR -Roma<\/p>\n","protected":false},"author":2,"featured_media":0,"parent":30985,"menu_order":0,"comment_status":"closed","ping_status":"closed","template":"","meta":{"_acf_changed":false,"ghostkit_customizer_options":"","ghostkit_custom_css":"","ghostkit_custom_js_head":"","ghostkit_custom_js_foot":"","ghostkit_typography":"","footnotes":""},"class_list":["post-31019","page","type-page","status-publish","hentry"],"acf":[],"yoast_head":"<!-- This site is optimized with the Yoast SEO plugin v24.2 - https:\/\/yoast.com\/wordpress\/plugins\/seo\/ -->\n<title>Startupper tra i banchi di scuola 2023-2024 - Presenta la tua idea - Spazio Attivo - LazioInnova<\/title>\n<meta name=\"robots\" content=\"index, follow, max-snippet:-1, max-image-preview:large, max-video-preview:-1\" \/>\n<link rel=\"canonical\" href=\"https:\/\/www.lazioinnova.it\/spazioattivo\/startupper-school-academy-2023-24\/startupper-tra-i-banchi-di-scuola-2023-2024brpresenta-la-tua-idea\/\" \/>\n<meta property=\"og:locale\" content=\"it_IT\" \/>\n<meta property=\"og:type\" content=\"article\" \/>\n<meta property=\"og:title\" content=\"Startupper tra i banchi di scuola 2023-2024 - Presenta la tua idea - Spazio Attivo - LazioInnova\" \/>\n<meta property=\"og:description\" content=\"Progetto Vincitore: ISTITUTO SCOLASTICO: IIS VIA ROMA 298 &#8211; Roma II Classificato: ISTITUTO SCOLASTICO: LICEO CLASSICO MARIANO BURATTI &#8211; Viterbo III Classificato: ISTITUTO SCOLASTICO: LICEO SCIENTIFICO STATALE LOUIS PASTEUR -Roma\" \/>\n<meta property=\"og:url\" content=\"https:\/\/www.lazioinnova.it\/spazioattivo\/startupper-school-academy-2023-24\/startupper-tra-i-banchi-di-scuola-2023-2024brpresenta-la-tua-idea\/\" \/>\n<meta property=\"og:site_name\" content=\"Spazio Attivo - LazioInnova\" \/>\n<meta property=\"article:modified_time\" content=\"2024-10-07T11:15:23+00:00\" \/>\n<meta property=\"og:image\" content=\"https:\/\/www.lazioinnova.it\/spazioattivo\/app\/uploads\/2024\/06\/Flashes1.png\" \/>\n<meta name=\"twitter:card\" content=\"summary_large_image\" \/>\n<meta name=\"twitter:label1\" content=\"Est. reading time\" \/>\n\t<meta name=\"twitter:data1\" content=\"4 minuti\" \/>\n<script type=\"application\/ld+json\" class=\"yoast-schema-graph\">{\"@context\":\"https:\/\/schema.org\",\"@graph\":[{\"@type\":\"WebPage\",\"@id\":\"https:\/\/www.lazioinnova.it\/spazioattivo\/startupper-school-academy-2023-24\/startupper-tra-i-banchi-di-scuola-2023-2024brpresenta-la-tua-idea\/\",\"url\":\"https:\/\/www.lazioinnova.it\/spazioattivo\/startupper-school-academy-2023-24\/startupper-tra-i-banchi-di-scuola-2023-2024brpresenta-la-tua-idea\/\",\"name\":\"Startupper tra i banchi di scuola 2023-2024 - Presenta la tua idea - Spazio Attivo - LazioInnova\",\"isPartOf\":{\"@id\":\"https:\/\/www.lazioinnova.it\/spazioattivo\/#website\"},\"primaryImageOfPage\":{\"@id\":\"https:\/\/www.lazioinnova.it\/spazioattivo\/startupper-school-academy-2023-24\/startupper-tra-i-banchi-di-scuola-2023-2024brpresenta-la-tua-idea\/#primaryimage\"},\"image\":{\"@id\":\"https:\/\/www.lazioinnova.it\/spazioattivo\/startupper-school-academy-2023-24\/startupper-tra-i-banchi-di-scuola-2023-2024brpresenta-la-tua-idea\/#primaryimage\"},\"thumbnailUrl\":\"https:\/\/www.lazioinnova.it\/spazioattivo\/app\/uploads\/2024\/06\/Flashes1.png\",\"datePublished\":\"2024-06-06T10:56:47+00:00\",\"dateModified\":\"2024-10-07T11:15:23+00:00\",\"breadcrumb\":{\"@id\":\"https:\/\/www.lazioinnova.it\/spazioattivo\/startupper-school-academy-2023-24\/startupper-tra-i-banchi-di-scuola-2023-2024brpresenta-la-tua-idea\/#breadcrumb\"},\"inLanguage\":\"it-IT\",\"potentialAction\":[{\"@type\":\"ReadAction\",\"target\":[\"https:\/\/www.lazioinnova.it\/spazioattivo\/startupper-school-academy-2023-24\/startupper-tra-i-banchi-di-scuola-2023-2024brpresenta-la-tua-idea\/\"]}]},{\"@type\":\"ImageObject\",\"inLanguage\":\"it-IT\",\"@id\":\"https:\/\/www.lazioinnova.it\/spazioattivo\/startupper-school-academy-2023-24\/startupper-tra-i-banchi-di-scuola-2023-2024brpresenta-la-tua-idea\/#primaryimage\",\"url\":\"https:\/\/www.lazioinnova.it\/spazioattivo\/app\/uploads\/2024\/06\/Flashes1.png\",\"contentUrl\":\"https:\/\/www.lazioinnova.it\/spazioattivo\/app\/uploads\/2024\/06\/Flashes1.png\"},{\"@type\":\"BreadcrumbList\",\"@id\":\"https:\/\/www.lazioinnova.it\/spazioattivo\/startupper-school-academy-2023-24\/startupper-tra-i-banchi-di-scuola-2023-2024brpresenta-la-tua-idea\/#breadcrumb\",\"itemListElement\":[{\"@type\":\"ListItem\",\"position\":1,\"name\":\"Spazio Attivo\",\"item\":\"https:\/\/www.lazioinnova.it\/spazioattivo\/\"},{\"@type\":\"ListItem\",\"position\":2,\"name\":\"Startupper School Academy 2023-24\",\"item\":\"https:\/\/www.lazioinnova.it\/spazioattivo\/startupper-school-academy-2023-24\/\"},{\"@type\":\"ListItem\",\"position\":3,\"name\":\"Startupper tra i banchi di scuola 2023-2024 &#8211; Presenta la tua idea\"}]},{\"@type\":\"WebSite\",\"@id\":\"https:\/\/www.lazioinnova.it\/spazioattivo\/#website\",\"url\":\"https:\/\/www.lazioinnova.it\/spazioattivo\/\",\"name\":\"Spazio Attivo - LazioInnova\",\"description\":\"Lazio innova\",\"potentialAction\":[{\"@type\":\"SearchAction\",\"target\":{\"@type\":\"EntryPoint\",\"urlTemplate\":\"https:\/\/www.lazioinnova.it\/spazioattivo\/?s={search_term_string}\"},\"query-input\":{\"@type\":\"PropertyValueSpecification\",\"valueRequired\":true,\"valueName\":\"search_term_string\"}}],\"inLanguage\":\"it-IT\"}]}<\/script>\n<!-- \/ Yoast SEO plugin. -->","yoast_head_json":{"title":"Startupper tra i banchi di scuola 2023-2024 - Presenta la tua idea - Spazio Attivo - LazioInnova","robots":{"index":"index","follow":"follow","max-snippet":"max-snippet:-1","max-image-preview":"max-image-preview:large","max-video-preview":"max-video-preview:-1"},"canonical":"https:\/\/www.lazioinnova.it\/spazioattivo\/startupper-school-academy-2023-24\/startupper-tra-i-banchi-di-scuola-2023-2024brpresenta-la-tua-idea\/","og_locale":"it_IT","og_type":"article","og_title":"Startupper tra i banchi di scuola 2023-2024 - Presenta la tua idea - Spazio Attivo - LazioInnova","og_description":"Progetto Vincitore: ISTITUTO SCOLASTICO: IIS VIA ROMA 298 &#8211; Roma II Classificato: ISTITUTO SCOLASTICO: LICEO CLASSICO MARIANO BURATTI &#8211; Viterbo III Classificato: ISTITUTO SCOLASTICO: LICEO SCIENTIFICO STATALE LOUIS PASTEUR -Roma","og_url":"https:\/\/www.lazioinnova.it\/spazioattivo\/startupper-school-academy-2023-24\/startupper-tra-i-banchi-di-scuola-2023-2024brpresenta-la-tua-idea\/","og_site_name":"Spazio Attivo - LazioInnova","article_modified_time":"2024-10-07T11:15:23+00:00","og_image":[{"url":"https:\/\/www.lazioinnova.it\/spazioattivo\/app\/uploads\/2024\/06\/Flashes1.png","type":"","width":"","height":""}],"twitter_card":"summary_large_image","twitter_misc":{"Est. reading time":"4 minuti"},"schema":{"@context":"https:\/\/schema.org","@graph":[{"@type":"WebPage","@id":"https:\/\/www.lazioinnova.it\/spazioattivo\/startupper-school-academy-2023-24\/startupper-tra-i-banchi-di-scuola-2023-2024brpresenta-la-tua-idea\/","url":"https:\/\/www.lazioinnova.it\/spazioattivo\/startupper-school-academy-2023-24\/startupper-tra-i-banchi-di-scuola-2023-2024brpresenta-la-tua-idea\/","name":"Startupper tra i banchi di scuola 2023-2024 - Presenta la tua idea - Spazio Attivo - LazioInnova","isPartOf":{"@id":"https:\/\/www.lazioinnova.it\/spazioattivo\/#website"},"primaryImageOfPage":{"@id":"https:\/\/www.lazioinnova.it\/spazioattivo\/startupper-school-academy-2023-24\/startupper-tra-i-banchi-di-scuola-2023-2024brpresenta-la-tua-idea\/#primaryimage"},"image":{"@id":"https:\/\/www.lazioinnova.it\/spazioattivo\/startupper-school-academy-2023-24\/startupper-tra-i-banchi-di-scuola-2023-2024brpresenta-la-tua-idea\/#primaryimage"},"thumbnailUrl":"https:\/\/www.lazioinnova.it\/spazioattivo\/app\/uploads\/2024\/06\/Flashes1.png","datePublished":"2024-06-06T10:56:47+00:00","dateModified":"2024-10-07T11:15:23+00:00","breadcrumb":{"@id":"https:\/\/www.lazioinnova.it\/spazioattivo\/startupper-school-academy-2023-24\/startupper-tra-i-banchi-di-scuola-2023-2024brpresenta-la-tua-idea\/#breadcrumb"},"inLanguage":"it-IT","potentialAction":[{"@type":"ReadAction","target":["https:\/\/www.lazioinnova.it\/spazioattivo\/startupper-school-academy-2023-24\/startupper-tra-i-banchi-di-scuola-2023-2024brpresenta-la-tua-idea\/"]}]},{"@type":"ImageObject","inLanguage":"it-IT","@id":"https:\/\/www.lazioinnova.it\/spazioattivo\/startupper-school-academy-2023-24\/startupper-tra-i-banchi-di-scuola-2023-2024brpresenta-la-tua-idea\/#primaryimage","url":"https:\/\/www.lazioinnova.it\/spazioattivo\/app\/uploads\/2024\/06\/Flashes1.png","contentUrl":"https:\/\/www.lazioinnova.it\/spazioattivo\/app\/uploads\/2024\/06\/Flashes1.png"},{"@type":"BreadcrumbList","@id":"https:\/\/www.lazioinnova.it\/spazioattivo\/startupper-school-academy-2023-24\/startupper-tra-i-banchi-di-scuola-2023-2024brpresenta-la-tua-idea\/#breadcrumb","itemListElement":[{"@type":"ListItem","position":1,"name":"Spazio Attivo","item":"https:\/\/www.lazioinnova.it\/spazioattivo\/"},{"@type":"ListItem","position":2,"name":"Startupper School Academy 2023-24","item":"https:\/\/www.lazioinnova.it\/spazioattivo\/startupper-school-academy-2023-24\/"},{"@type":"ListItem","position":3,"name":"Startupper tra i banchi di scuola 2023-2024 &#8211; Presenta la tua idea"}]},{"@type":"WebSite","@id":"https:\/\/www.lazioinnova.it\/spazioattivo\/#website","url":"https:\/\/www.lazioinnova.it\/spazioattivo\/","name":"Spazio Attivo - LazioInnova","description":"Lazio innova","potentialAction":[{"@type":"SearchAction","target":{"@type":"EntryPoint","urlTemplate":"https:\/\/www.lazioinnova.it\/spazioattivo\/?s={search_term_string}"},"query-input":{"@type":"PropertyValueSpecification","valueRequired":true,"valueName":"search_term_string"}}],"inLanguage":"it-IT"}]}},"featured_image_src":null,"featured_image_src_square":null,"_links":{"self":[{"href":"https:\/\/www.lazioinnova.it\/spazioattivo\/wp-json\/wp\/v2\/pages\/31019","targetHints":{"allow":["GET"]}}],"collection":[{"href":"https:\/\/www.lazioinnova.it\/spazioattivo\/wp-json\/wp\/v2\/pages"}],"about":[{"href":"https:\/\/www.lazioinnova.it\/spazioattivo\/wp-json\/wp\/v2\/types\/page"}],"author":[{"embeddable":true,"href":"https:\/\/www.lazioinnova.it\/spazioattivo\/wp-json\/wp\/v2\/users\/2"}],"replies":[{"embeddable":true,"href":"https:\/\/www.lazioinnova.it\/spazioattivo\/wp-json\/wp\/v2\/comments?post=31019"}],"version-history":[{"count":31,"href":"https:\/\/www.lazioinnova.it\/spazioattivo\/wp-json\/wp\/v2\/pages\/31019\/revisions"}],"predecessor-version":[{"id":31275,"href":"https:\/\/www.lazioinnova.it\/spazioattivo\/wp-json\/wp\/v2\/pages\/31019\/revisions\/31275"}],"up":[{"embeddable":true,"href":"https:\/\/www.lazioinnova.it\/spazioattivo\/wp-json\/wp\/v2\/pages\/30985"}],"wp:attachment":[{"href":"https:\/\/www.lazioinnova.it\/spazioattivo\/wp-json\/wp\/v2\/media?parent=31019"}],"curies":[{"name":"wp","href":"https:\/\/api.w.org\/{rel}","templated":true}]}}